 s(p).
-5
Let p(q) = -q**2 + 6*q**2 - 1 - 4*q - 52*q**3 + 51*q**3. Calculate p(4).
-1
Let b(f) be the first derivative of f**4/12 + f**3 + f**2 - 3*f - 1. Let a(v) be the first derivative of b(v). Give a(-4).
-6
Let f(q) = q**2 - 13*q**2 + q**3 + 7*q**2 + 3. Let p = -5 + 10. Let h be f(p). Let m(v) = v**3 - 3*v**2 - 2*v + 1. Determine m(h).
-5
Let b(l) = l**2. Let d(w) = -4*w**2 - w + 3. Let r(z) = 3*b(z) + d(z). Calculate r(-3).
-3
Let b = 5 + -8. Let y(h) = h**3 + 4*h**2 + 4*h - 1. What is y(b)?
-4
Let g(s) = 4*s + 2. Let l be (-6*(-14)/(-4))/(-1). Let y be 28/l*6/(-4). What is g(y)?
-6
Let j be (2 - 0) + 2 - 1. Let o(u) = -u**3 + 5*u**2 - 2*u + 1. Calculate o(j).
13
Let f(b) = -4*b. Let t be (-4 + 4)*-1 - 1. Calculate f(t).
4
Let u(l) = l**2 + 6*l + 3. Let d be u(-6). Suppose -r + 68 = d*r. Suppose 2*y + 8 = 0, -5*g = 2*y + r + 16. Let s(p) = -p**2 - 5*p + 3. Calculate s(g).
3
Let f(s) be the first derivative of s**2 + 1 + 2*s - 1/2*s**3 + 1/20*s**5 + 0*s**4. Let n(j) be the first derivative of f(j). Calculate n(2).
4
Let w(f) be the second derivative of 0 + 1/2*f**2 - 4/3*f**3 - f. What is w(1)?
-7
Let z(d) be the second derivative of d**3/6 - d**2 - 5*d. Determine z(6).
4
Let g(i) be the first derivative of -i**4/4 + 2*i**3 - 7*i**2/2 + 4*i - 1. Let u = 9 - 4. What is g(u)?
-6
Let a(i) = 0*i**2 + i**2 + 1546 - 1551. Determine a(0).
-5
Let a(m) = m - 3. Let p = 62 + -56. Determine a(p).
3
Let m(q) = -q - 4. Let t be m(-2). Let l(b) = -4*b**2 - 6*b - 2. Let u(r) = r**2 + 2*r + 1. Let g(j) = 2*l(j) + 7*u(j). Determine g(t).
-5
Let v be (-26)/65*(-4 + -1). Let i(z) = -z**3 + 5*z**2 - 2*z - 2. Determine i(v).
6
Let f(c) = -c - 2. Let h(w) = w + 3. Let v(i) = 4*f(i) + 3*h(i). Give v(4).
-3
Let r = 8 + -13. Let p(t) = -2*t. Calculate p(r).
10
Let z be (4 - 14/8)*(-16)/(-6). Let o(i) = 4*i + 4. Let b(h) be the third derivative of h**4/8 + h**3/2 + 2*h**2. Let j(k) = 5*b(k) - 4*o(k). Give j(z).
-7
Let j = 11 + -5. Let k = 6 - j. Let b(f) = -1 + 3*f + 2 - f + k*f. Calculate b(-2).
-3
Let f(m) = -2 + 4*m**2 - m - 3*m**2 - m**2 - m**2. Let b = 2 - 4. Calculate f(b).
-4
Suppose 0 = -k - 2*t + 9, k + 2*t - 3*t = -6. Let g be (-2 + k)/(9/(-6)). Let w(n) = 4*n**2 + n - 2*n**g + 2*n**2. What is w(1)?
5
Let t = -1 - -2. Let z = t + -1. Let k(f) = -2*f + 1. Let q(h) = h**2 + 9*h - 11. Let a(u) = 5*k(u) + q(u). Give a(z).
-6
Let i be 185/(-35) + (-2)/(-7). Let u(k) = -k**2 - 6*k - 4. Calculate u(i).
1
Let j(y) = -y**3 + y - 10. Let b be (-12)/9 - 20/(-15). Give j(b).
-10
Let w(o) = o**2 - 5*o - 4. Let a be w(6). Let q(s) = 6*s - 2*s - s**a + 2*s**2 - 5. Let n be q(-5). Let z(k) = -k**3 + k**2 - k + 5. Give z(n).
5
Let k(y) = -8*y + 2. Let w be (7 - 4) + (-2)/2. Determine k(w).
-14
Suppose -2*f - 5*p - 15 = -7*f, 0 = f - 4*p - 12. Let y be 1 + f - 2*-1. Let a(z) be the second derivative of -z**5/20 + z**4/6 + z**3/2 - z**2 - z. Give a(y).
-2
Let h(s) = -2*s + 11 - 11 + s + s**2. What is h(2)?
2
Let k(v) be the first derivative of v**6/120 - v**5/15 - 5*v**4/24 - v**2/2 + 5. Let d(n) be the second derivative of k(n). Determine d(5).
0
Let z be (1 - 4 - -1)/2. Let i(p) = -11*p**2 + 28*p**2 - 3*p**2 - 10*p**2. What is i(z)?
4
Let p(j) = -54*j**2 + 53*j**2 - 3*j - 1 - 3. What is p(-3)?
-4
Let v(y) = -3 + 8 - 3*y - 3 - 2*y**2 - y**3 + 8*y. What is v(-3)?
-4
Let b = -22 + 28. Let g(n) = 2 - 7*n - 3*n**2 + 4 - b*n**3 + 7*n**3. Give g(4).
-6
Let w(q) = q**2 + 2. Let v(y) = y**2 + 4*y + 6. Let c be v(-3). What is w(c)?
11
Let n(u) = 1 - 5 + 3. Let g(p) = 6. Let j(v) = -2*g(v) - 11*n(v). Let z(o) = -5*o + 5. Let r(s) = 6*j(s) + z(s). Calculate r(1).
-6
Let d(z) = -z**3 - 2*z**2 + 4*z. Let h be 4/(-2) + (-6)/6. Give d(h).
-3
Let i(u) be the third derivative of 5*u**4/24 - u**3/2 - 12*u**2. Give i(2).
7
Let g(t) = t**3 + 4*t**2 + 2*t + 4. Suppose -v - 5*x + 4 + 8 = 0, -2*x + 6 = 0. Determine g(v).
7
Let j(t) = -3*t - 4 + 4*t + t + 2*t - t**2. Give j(3).
-1
Suppose 0 = -5*n - 0*n + 10. Let g(i) = -4*i + 2. Let f(y) = -3*y + 2. Let x(b) = -5*f(b) + 4*g(b). What is x(n)?
-4
Suppose 0 = -0*v - 4*v - 2*g + 6, 0 = v + 2*g. Let x(p) = -p + 1 + 3*p**2 - 5*p**v + p**2. Calculate x(0).
1
Suppose -i = 5*l + 5, -2*i + 4*i + 2*l = -10. Let s = i - -3. Let j(f) = f**3 - f**2 - 4*f - 3. What is j(s)?
-7
Let z(w) = w**2 - 9*w - 8. Let o be z(10). Suppose 4 = -2*v + o. Let p(r) = -r**3 - 1. Calculate p(v).
0
Let u(q) = 5*q - 4*q - 6 + 3. Determine u(4).
1
Suppose w - 2 = -0. Suppose -k + 1 - 5 = w*q, 4 = -2*k - 2*q. Let y(s) = -s + 6. What is y(k)?
6
Let a = -6 + 12. Suppose 2*t - 1 = -l, 5*t - 34 = 5*l + a. Let z(j) = -j**3 + 4*j**2 - 2*j - 4. Give z(t).
-1
Let o(g) = g**2 - g + 1. Let h = -10 - -8. Let l = 2 + h. Calculate o(l).
1
Let g(n) be the third derivative of n**4/24 + n**3/2 - 3*n**2. Suppose -4*i = -4*c - 8, -9 = 2*c - 4*i + i. Determine g(c).
6
Let s be ((-8)/12)/((-2)/1). Let o(j) be the second derivative of 0 + 2*j - j**2 - s*j**3. Determine o(-2).
2
Let i(x) = -x. Let z(j) = 2. Let t be 1/(-2)*(-4 + 2). Let p(y) = t*z(y) + i(y). Give p(3).
-1
Let f(k) be the third derivative of k**4/24 - 7*k**3/6 + 70*k**2. Determine f(4).
-3
Let z(y) = 8*y**3 - y**2 - 2*y - 6. Let f(p) = p**3 - 8*p**3 - 3 + 9 + p + 0*p. Let b(o) = 7*f(o) + 6*z(o). What is b(-5)?
6
Let s(i) = 5*i - 2*i - 2*i - 4. Let x be s(7). Let d(k) = 0 - 1 - x*k + 2*k + 9*k**2. Calculate d(-1).
9
Let j = 11 - 7. Suppose 14 = 4*k - p - 1, 2*k - 4 = j*p. Let n(v) = -134 - v**2 + 128 + 3*v + v. Determine n(k).
-6
Let v(n) = 3 + 20*n - 2 - 4 - 3. Let o(x) = -7*x + 2. Let c(d) = -11*o(d) - 4*v(d). Determine c(4).
-10
Let x(k) be the first derivative of k**3/3 + 3*k**2 - 3*k + 4. Give x(-7).
4
Let r(l) = 2 - 2*l**3 - 2*l + 4*l**2 - l - l**2. Let d(z) = -z - 1. Let c be d(-3). What is r(c)?
-8
Let w(l) = 2*l**2 - 2*l - 12. Let p(c) = -3*c**2 + 3*c + 25. Let j(b) = 3*p(b) + 5*w(b). Determine j(0).
15
Let w(c) be the third derivative of c**4/24 - 2*c**3/3 + 4*c**2. Calculate w(-5).
-9
Let o be 2 - -14 - 0 - 4. Let k(f) = f**3 - 13*f**2 + 13*f - 13. Calculate k(o).
-1
Suppose 5*a - 9 = 16. Let t(s) = 2*s - 5. Give t(a).
5
Let g(p) = -2 + 1 + 3*p**2 - 6*p + 3*p. Let b(q) = 2*q - 9. Let r be b(6). Calculate g(r).
17
Suppose 0*j = 4*j - 16. Let a(h) = -j - 6 + 2 - 3 + h. Give a(0).
-11
Let d(j) be the third derivative of j**5/12 + j**4/24 + 7*j**2. Determine d(1).
6
Let j(t) = 3*t - 5*t - 6 + 3*t. Calculate j(0).
-6
Suppose n - 6*n + 15 = 0. Let h(b) = -2*b**2 - 2*b + 1 + 5*b**2 - n*b**2 + b**2. Calculate h(2).
1
Let t be 5/(-3)*(-6)/2. Let k(i) = -i**2 + 7*i - 6. What is k(t)?
4
Suppose 0 = k + 1. Let v(n) = n**2 + n - 1. Let y(s) = s**3 - s**2 - 2*s - 11. Let g(f) = k*y(f) - 2*v(f). Calculate g(0).
13
Suppose -9*h + 6 = -11*h. Let x(k) = 5*k - 1 + 2 - 4*k. Calculate x(h).
-2
Let p(z) = -3*z**2 + 2*z. Let d(u) = -u**2 + 3*u + 1 + 0*u**2 + 0 - 4*u. Let s(b) = -d(b) - p(b). Suppose 0*f + 1 = -f. Calculate s(f).
4
Let k(b) = 4*b**3 - b**2 - 5*b + 2. Let q(a) = -9*a**3 + a**2 + 11*a - 5. Let i(d) = 7*k(d) + 3*q(d). Calculate i(4).
-9
Let r(g) = 5*g**2 - 12*g + 7. Let s(a) = 4*a**2 - 11*a + 7. Let u(h) = -5*r(h) + 6*s(h). What is u(-8)?
-9
Let k(g) = 3*g**2 + 12*g - 2. Let u(j) = -j**2 - j + 1. Let p(l) = k(l) + 4*u(l). Calculate p(7).
9
Let f(c) = -c + 12. Let a be f(5). Let o = -11 + a. Let x(u) = u**3 + 4*u**2 - 3*u - 4. Calculate x(o).
8
Suppose 4*t + 8 = -4*x, 2*x - 27 + 1 = 4*t. Let l(i) be the third derivative of 1/3*i**3 + 7/24*i**4 + 1/10*i**5 + 0*i - 2*i**2 + 1/120*i**6 + 0. Give l(t).
-8
Let m(t) = 5*t**3 - 5*t**2 + 10*t + 6. Let l(o) = 9*o**3 - 9*o**2 + 19*o + 11. Let b(f) = 6*l(f) - 11*m(f). What is b(3)?
-6
Let f(u) = u**3 - 6*u**2 + 4*u + 1. Suppose -4*r - r = -10. Let k = 3 + r. Calculate f(k).
-4
Let k = 4 - 1. Let m(s) = 8*s - 11. Let c(i) = -4*i + 6. Let z(h) = 5*c(h) + 3*m(h). Calculate z(k).
9
Let b be 0/3 - 5/(-1). Let j(v) = 4*v - 3*v**2 - 3 + 3*v**2 - b*v**2 + v**3. Calculate j(4).
-3
Let r(v) = -v**2 - 14*v - 13. Let b be r(-13). Let c(h) = -5*h + 6*h**2 + b + 1 - h + 8*h. Suppose 0 = -a + 2*i + 5, -2*a - 14 = 3*a + 3*i. What is c(a)?
5
Let p(u) be the third derivative of u**4/24 + 5*u**3/6 + 4*u**2. Determine p(-4).
1
Let w(t) = t**2 + t + 15. Let y be (0/1)/((-3)/(-3)). Suppose y*o = 3*o. Give w(o).
15
